ed by 3?
0
What is the remainder when 65 is divided by 29?
7
What is the remainder when 1248 is divided by 66?
60
What is the remainder when 778 is divided by 29?
24
What is the remainder when 735 is divided by 18?
15
What is the remainder when 341 is divided by 51?
35
Calculate the remainder when 395 is divided by 39.
5
Calculate the remainder when 101 is divided by 34.
33
What is the remainder when 8812 is divided by 20?
12
What is the remainder when 10708 is divided by 188?
180
Calculate the remainder when 1975 is divided by 653.
16
What is the remainder when 167 is divided by 13?
11
What is the remainder when 126 is divided by 16?
14
Calculate the remainder when 140 is divided by 13.
10
Calculate the remainder when 106 is divided by 18.
16
What is the remainder when 210 is divided by 58?
36
What is the remainder when 606 is divided by 21?
18
What is the remainder when 131 is divided by 27?
23
Calculate the remainder when 161 is divided by 9.
8
What is the remainder when 111 is divided by 57?
54
What is the remainder when 60 is divided by 13?
8
Calculate the remainder when 1150 is divided by 357.
79
What is the remainder when 1415 is divided by 131?
105
Calculate the remainder when 221 is divided by 48.
29
What is the remainder when 311 is divided by 7?
3
What is the remainder when 31 is divided by 3?
1
Calculate the remainder when 26 is divided by 3.
2
Calculate the remainder when 336 is divided by 134.
68
What is the remainder when 374 is divided by 42?
38
Calculate the remainder when 1691 is divided by 113.
109
Calculate the remainder when 117 is divided by 8.
5
What is the remainder when 6399 is divided by 33?
30
Calculate the remainder when 438 is divided by 10.
8
Calculate the remainder when 161 is divided by 34.
25
Calculate the remainder when 11550 is divided by 304.
302
What is the remainder when 1576 is divided by 66?
58
What is the remainder when 495 is divided by 25?
20
What is the remainder when 927 is divided by 93?
90
What is the remainder when 723 is divided by 106?
87
Calculate the remainder when 298 is divided by 47.
16
What is the remainder when 1531 is divided by 507?
10
Calculate the remainder when 59 is divided by 12.
11
What is the remainder when 387 is divided by 97?
96
Calculate the remainder when 844 is divided by 26.
12
Calculate the remainder when 412 is divided by 32.
28
Calculate the remainder when 336 is divided by 85.
81
What is the remainder when 3163 is divided by 30?
13
Calculate the remainder when 1748 is divided by 122.
40
Calculate the remainder when 15 is divided by 3.
0
Calculate the remainder when 376 is divided by 58.
28
What is the remainder when 99 is divided by 18?
9
Calculate the remainder when 126 is divided by 64.
62
What is the remainder when 1148 is divided by 23?
21
Calculate the remainder when 2205 is divided by 23.
20
Calculate the remainder when 588 is divided by 121.
104
Calculate the remainder when 315 is divided by 36.
27
Calculate the remainder when 123 is divided by 44.
35
Calculate the remainder when 218 is divided by 22.
20
Calculate the remainder when 222 is divided by 45.
42
What is the remainder when 3125 is divided by 136?
133
What is the remainder when 165 is divided by 21?
18
Calculate the remainder when 2178 is divided by 422.
68
What is the remainder when 693 is divided by 25?
18
Calculate the remainder when 414 is divided by 13.
11
What is the remainder when 90 is divided by 20?
10
What is the remainder when 2247 is divided by 30?
27
Calculate the remainder when 273 is divided by 12.
9
What is the remainder when 256 is divided by 38?
28
Calculate the remainder when 2499 is divided by 125.
124
Calculate the remainder when 154 is divided by 85.
69
Calculate the remainder when 973 is divided by 39.
37
Calculate the remainder when 69 is divided by 27.
15
Calculate the remainder when 2740 is divided by 48.
4
Calculate the remainder when 86 is divided by 15.
11
What is the remainder when 29 is divided by 18?
11
What is the remainder when 453 is divided by 51?
45
Calculate the remainder when 11661 is divided by 17.
16
Calculate the remainder when 58 is divided by 29.
0
Calculate the remainder when 1217 is divided by 20.
17
Calculate the remainder when 6497 is divided by 10.
7
What is the remainder when 1332 is divided by 661?
10
Calculate the remainder when 293 is divided by 97.
2
Calculate the remainder when 10084 is divided by 194.
190
What is the remainder when 481 is divided by 122?
115
Calculate the remainder when 43 is divided by 23.
20
What is the remainder when 2060 is divided by 9?
8
What is the remainder when 434 is divided by 154?
126
What is the remainder when 514 is divided by 89?
69
Calculate the remainder when 340 is divided by 113.
1
Calculate the remainder when 453 is divided by 60.
33
Calculate the remainder when 72 is divided by 45.
27
Calculate the remainder when 889 is divided by 228.
205
Calculate the remainder when 1509 is divided by 12.
9
What is the remainder when 299 is divided by 120?
59
Calculate the remainder when 676 is divided by 114.
106
Calculate the remainder when 885 is divided by 125.
10
Calculate the remainder when 205 is divided by 26.
23
What is the remainder when 130 is divided by 27?
22
What is the remainder when 225 is divided by 6?
3
What is the remainder when 148 is divided by 34?
12
Calculate the remainder when 83 is divided by 29.
25
Calculate the remainder when 577 is divided by 9.
1
Calculate the remainder when 871 is divided by 40.
31
What is the remainder when 61 is divided by 15?
1
Calculate the remainder when 646 is divided by 10.
6
What is the remainder when 290 is divided by 77?
59
Calculate the remainder when 1198 is divided by 109.
108
What is the remainder when 21364 is divided by 23?
20
Calculate the remainder when 3126 is divided by 33.
24
Calculate the remainder when 176 is divided by 81.
14
What is the remainder when 4289 is divided by 30?
29
Calculate the remainder when 388 is divided by 49.
45
What is the remainder when 264 is divided by 213?
51
What is the remainder when 1015 is divided by 8?
7
Calculate the remainder when 441 is divided by 234.
207
Calculate the remainder when 1411 is divided by 206.
175
What is the remainder when 221 is divided by 65?
26
What is the remainder when 368 is divided by 41?
40
Calculate the remainder when 186 is divided by 3.
0
Calculate the remainder when 1149 is divided by 117.
96
Calculate the remainder when 1238 is divided by 59.
58
What is the remainder when 6273 is divided by 7?
1
What is the remainder when 2115 is divided by 36?
27
What is the remainder when 115 is divided by 47?
21
What is the remainder when 106 is divided by 18?
16
What is the remainder when 162 is divided by 19?
10
What is the remainder when 611 is divided by 18?
17
What is the remainder when 2038 is divided by 107?
5
Calculate the remainder when 259 is divided by 68.
55
What is the remainder when 6294 is divided by 3142?
10
What is the remainder when 87 is divided by 30?
27
What is the remainder when 118 is divided by 20?
18
What is the remainder when 516 is divided by 152?
60
What is the remainder when 438 is divided by 5?
3
Calculate the remainder when 38 is divided by 13.
12
What is the remainder when 156 is divided by 42?
30
Calculate the remainder when 240 is divided by 28.
16
Calculate the remainder when 196 is divided by 6.
4
What is the remainder when 299 is divided by 41?
12
Calculate the remainder when 341 is divided by 27.
17
What is the remainder when 4792 is divided by 109?
105
Calculate the remainder when 95 is divided by 35.
25
Calculate the remainder when 346 is divided by 25.
21
What is the remainder when 84 is divided by 30?
24
What is the remainder when 92 is divided by 16?
12
Calculate the remainder when 2534 is divided by 65.
64
What is the remainder when 333 is divided by 81?
9
What is the remainder when 1444 is divided by 78?
40
Calculate the remainder when 2629 is divided by 94.
91
Calculate the remainder when 61 is divided by 34.
27
What is the remainder when 375 is divided by 47?
46
What is the remainder when 560 is divided by 141?
137
Calculate the remainder when 131 is divided by 45.
41
Calculate the remainder when 244 is divided by 134.
110
What is the remainder when 497 is 